{"id":360,"date":"2020-12-20T23:18:30","date_gmt":"2020-12-20T23:18:30","guid":{"rendered":"https:\/\/hermanasdesantacruz.org\/?page_id=360"},"modified":"2020-12-20T23:42:56","modified_gmt":"2020-12-20T23:42:56","slug":"testimonio-celina-martel-csc","status":"publish","type":"page","link":"https:\/\/hermanasdesantacruz.org\/index.php\/testimonio-celina-martel-csc\/","title":{"rendered":"Testimonio Celina Martel CSC"},"content":{"rendered":"\t\t<div data-elementor-type=\"wp-page\" data-elementor-id=\"360\" class=\"elementor elementor-360\">\n\t\t\t\t\t\t<section class=\"elementor-section elementor-top-section elementor-element elementor-element-955b253 elementor-section-boxed elementor-section-height-default elementor-section-height-default\" data-id=\"955b253\" data-element_type=\"section\">\n\t\t\t\t\t\t<div class=\"elementor-container elementor-column-gap-default\">\n\t\t\t\t\t<div class=\"elementor-column elementor-col-25 elementor-top-column elementor-element elementor-element-ca91b24\" data-id=\"ca91b24\" data-element_type=\"column\">\n\t\t\t<div class=\"elementor-widget-wrap elementor-element-populated\">\n\t\t\t\t\t\t<div class=\"elementor-element elementor-element-e451c7d elementor-widget elementor-widget-image\" data-id=\"e451c7d\" data-element_type=\"widget\" data-widget_type=\"image.default\">\n\t\t\t\t<div class=\"elementor-widget-container\">\n\t\t\t\t\t\t\t\t\t\t\t\t\t<img decoding=\"async\" src=\"https:\/\/hermanasdesantacruz.org\/wp-content\/uploads\/2020\/12\/CelinaMartel-1.png\" title=\"CelinaMartel\" alt=\"CelinaMartel\" loading=\"lazy\" \/>\t\t\t\t\t\t\t\t\t\t\t\t\t<\/div>\n\t\t\t\t<\/div>\n\t\t\t\t\t<\/div>\n\t\t<\/div>\n\t\t\t\t<div class=\"elementor-column elementor-col-50 elementor-top-column elementor-element elementor-element-7c53055\" data-id=\"7c53055\" data-element_type=\"column\">\n\t\t\t<div class=\"elementor-widget-wrap elementor-element-populated\">\n\t\t\t\t\t\t<div class=\"elementor-element elementor-element-18fca508 elementor-widget elementor-widget-text-editor\" data-id=\"18fca508\" data-element_type=\"widget\" data-widget_type=\"text-editor.default\">\n\t\t\t\t<div class=\"elementor-widget-container\">\n\t\t\t\t\t\t\t<p><em>Soy una canadiense de la provincia de Quebec, muy orgullosa de mi cultura e idioma franceses. He crecido en un pueblito escondido en las monta\u00f1as de Las Laurentides, en donde surge un bonito lago a cada kil\u00f3metro cuadrado. La casa de mi familia est\u00e1 ubicada a cinco metros de un lago verde. Durante mi ni\u00f1ez y juventud, ten\u00eda la suerte de ir a nadar 2 a 3 veces al d\u00eda durante el verano.<\/em><\/p><p><em>El deseo de consagrar mi vida a Dios naci\u00f3 con el testimonio de mi mam\u00e1 y de las cuatro hermanas CSC que ense\u00f1aban en el peque\u00f1o colegio primario de Lac-du-Cerf.<\/em><\/p><p><em>Cuando continu\u00e9 mis estudios para ser profesora, mi vocaci\u00f3n fue solidific\u00e1ndose. Mirando a las hermanas de Santa Cruz, yo las ve\u00eda inteligentes, felices y educadoras y quer\u00eda ser como ellas. Entr\u00e9 a la Congregaci\u00f3n cumpliendo mis 19 a\u00f1os.<\/em><\/p><p><em>Voy a evocar aqu\u00ed cuatro momentos importantes de mi vida en Santa Cruz:<\/em><\/p><ul><li><em>La amistad que he desarrollado con algunas compa\u00f1eras. Ellas me procuran todav\u00eda el \u00fanico lujo en la vida \u00ablas relaciones afectuosas\u00bb (St-Exupery).<\/em><\/li><li><em>Mi retiro de 30 d\u00edas, donde descubr\u00ed un Jes\u00fas totalmente humano, solidario con nosotras en todo (excepto en el pecado).<\/em><\/li><li><em>Mi trabajo pastoral en un colegio secundario con un sacerdote. \u00c9l me ense\u00f1\u00f3 tres dimensiones, que hasta hoy son evidencias en mi vida: soy capaz de crear algo nuevo; Jes\u00fas resucitado nos acompa\u00f1a; y para ense\u00f1ar, la experiencia vale m\u00e1s que la charla.<\/em><\/li><li><em>Mi experiencia de animar grupos de duelo. All\u00ed aprend\u00ed y verifiqu\u00e9 c\u00f3mo la liberaci\u00f3n del dolor es el resultado de la identificaci\u00f3n y de la acogida de nuestras emociones.<\/em><\/li><\/ul><p><em><strong>Despu\u00e9s de 43 a\u00f1os de experiencia en Santa Cruz: \u00bfD\u00f3nde aterrizo con la gracia de Dios?<\/strong><\/em><br \/><em>En el noviciado de Canto Grande, acompa\u00f1\u00f3 a las novicias en su vida cotidiana y en sus clases. Disfruto de ayudarles en su crecimiento integral. Nuestra convivencia es para m\u00ed, un regalo y un desaf\u00edo. Maravill\u00e1ndome de sus avances en todos los campos, crece mi esperanza para el futuro de Santa Cruz.<\/em><br \/><em>Pienso que este porvenir, depende de la capacidad de dar manos y pies a nuestros deseos profundos. Podremos hacer obra de resurrecci\u00f3n, si nos disciplinamos cada d\u00eda a encontrar al Viviente en la oraci\u00f3n y en los grupos en los cuales nos comprometemos.<\/em><\/p><p><em><strong>Mis sue\u00f1os:<\/strong><\/em><br \/><em>Tengo un sue\u00f1o muy realista: que cada una de nosotras cuidemos tanto nuestra salud, que podamos seguir acompa\u00f1ando al pueblo hasta la edad de 80 a\u00f1os, al ejemplo de nuestras predecesoras.<\/em><\/p>\t\t\t\t\t\t<\/div>\n\t\t\t\t<\/div>\n\t\t\t\t\t<\/div>\n\t\t<\/div>\n\t\t\t\t<div class=\"elementor-column elementor-col-25 elementor-top-column elementor-element elementor-element-63b6b7a\" data-id=\"63b6b7a\" data-element_type=\"column\">\n\t\t\t<div class=\"elementor-widget-wrap elementor-element-populated\">\n\t\t\t\t\t\t<div class=\"elementor-element elementor-element-adbc71b elementor-widget elementor-widget-nav-menu\" data-id=\"adbc71b\" data-element_type=\"widget\" data-widget_type=\"nav-menu.default\">\n\t\t\t\t<div class=\"elementor-widget-container\">\n\t\t\t \t\t<\/div>\n\t\t\t\t<\/div>\n\t\t\t\t<div class=\"elementor-element elementor-element-571f8cd elementor-widget elementor-widget-image\" data-id=\"571f8cd\" data-element_type=\"widget\" data-widget_type=\"image.default\">\n\t\t\t\t<div class=\"elementor-widget-container\">\n\t\t\t\t\t\t\t\t\t\t\t\t\t<img fetchpriority=\"high\" decoding=\"async\" width=\"716\" height=\"1024\" src=\"https:\/\/hermanasdesantacruz.org\/wp-content\/uploads\/2020\/12\/cruz-CSC-con-fondo-716x1024.png\" class=\"attachment-large size-large wp-image-295\" alt=\"\" srcset=\"https:\/\/hermanasdesantacruz.org\/wp-content\/uploads\/2020\/12\/cruz-CSC-con-fondo-716x1024.png 716w, https:\/\/hermanasdesantacruz.org\/wp-content\/uploads\/2020\/12\/cruz-CSC-con-fondo-210x300.png 210w, https:\/\/hermanasdesantacruz.org\/wp-content\/uploads\/2020\/12\/cruz-CSC-con-fondo-768x1098.png 768w, https:\/\/hermanasdesantacruz.org\/wp-content\/uploads\/2020\/12\/cruz-CSC-con-fondo-1075x1536.png 1075w, https:\/\/hermanasdesantacruz.org\/wp-content\/uploads\/2020\/12\/cruz-CSC-con-fondo-1433x2048.png 1433w, https:\/\/hermanasdesantacruz.org\/wp-content\/uploads\/2020\/12\/cruz-CSC-con-fondo-700x1001.png 700w, https:\/\/hermanasdesantacruz.org\/wp-content\/uploads\/2020\/12\/cruz-CSC-con-fondo.png 1728w\" sizes=\"(max-width: 716px) 100vw, 716px\" \/>\t\t\t\t\t\t\t\t\t\t\t\t\t<\/div>\n\t\t\t\t<\/div>\n\t\t\t\t\t<\/div>\n\t\t<\/div>\n\t\t\t\t\t<\/div>\n\t\t<\/section>\n\t\t\t\t<\/div>\n\t\t","protected":false},"excerpt":{"rendered":"<p>Soy una canadiense de la provincia de Quebec, muy orgullosa de mi cultura e idioma franceses. He crecido en un pueblito escondido en las monta\u00f1as de<span class=\"excerpt-hellip\"> [\u2026]<\/span><\/p>\n","protected":false},"author":1,"featured_media":0,"parent":0,"menu_order":0,"comment_status":"closed","ping_status":"closed","template":"","meta":{"footnotes":""},"class_list":["post-360","page","type-page","status-publish","hentry"],"yoast_head":"<!-- This site is optimized with the Yoast SEO plugin v23.1 - https:\/\/yoast.com\/wordpress\/plugins\/seo\/ -->\n<title>Testimonio Celina Martel CSC - Congregaci\u00f3n Hermanas de Santa Cruz<\/title>\n<meta name=\"robots\" content=\"index, follow, max-snippet:-1, max-image-preview:large, max-video-preview:-1\" \/>\n<link rel=\"canonical\" href=\"https:\/\/hermanasdesantacruz.org\/index.php\/testimonio-celina-martel-csc\/\" \/>\n<meta property=\"og:locale\" content=\"es_ES\" \/>\n<meta property=\"og:type\" content=\"article\" \/>\n<meta property=\"og:title\" content=\"Testimonio Celina Martel CSC - Congregaci\u00f3n Hermanas de Santa Cruz\" \/>\n<meta property=\"og:description\" content=\"Soy una canadiense de la provincia de Quebec, muy orgullosa de mi cultura e idioma franceses. He crecido en un pueblito escondido en las monta\u00f1as de [\u2026]\" \/>\n<meta property=\"og:url\" content=\"https:\/\/hermanasdesantacruz.org\/index.php\/testimonio-celina-martel-csc\/\" \/>\n<meta property=\"og:site_name\" content=\"Congregaci\u00f3n Hermanas de Santa Cruz\" \/>\n<meta property=\"article:modified_time\" content=\"2020-12-20T23:42:56+00:00\" \/>\n<meta property=\"og:image\" content=\"https:\/\/hermanasdesantacruz.org\/wp-content\/uploads\/2020\/12\/CelinaMartel-1.png\" \/>\n<meta name=\"twitter:card\" content=\"summary_large_image\" \/>\n<meta name=\"twitter:label1\" content=\"Tiempo de lectura\" \/>\n\t<meta name=\"twitter:data1\" content=\"2 minutos\" \/>\n<script type=\"application\/ld+json\" class=\"yoast-schema-graph\">{\"@context\":\"https:\/\/schema.org\",\"@graph\":[{\"@type\":\"WebPage\",\"@id\":\"https:\/\/hermanasdesantacruz.org\/index.php\/testimonio-celina-martel-csc\/\",\"url\":\"https:\/\/hermanasdesantacruz.org\/index.php\/testimonio-celina-martel-csc\/\",\"name\":\"Testimonio Celina Martel CSC - Congregaci\u00f3n Hermanas de Santa Cruz\",\"isPartOf\":{\"@id\":\"https:\/\/hermanasdesantacruz.org\/#website\"},\"primaryImageOfPage\":{\"@id\":\"https:\/\/hermanasdesantacruz.org\/index.php\/testimonio-celina-martel-csc\/#primaryimage\"},\"image\":{\"@id\":\"https:\/\/hermanasdesantacruz.org\/index.php\/testimonio-celina-martel-csc\/#primaryimage\"},\"thumbnailUrl\":\"https:\/\/hermanasdesantacruz.org\/wp-content\/uploads\/2020\/12\/CelinaMartel-1.png\",\"datePublished\":\"2020-12-20T23:18:30+00:00\",\"dateModified\":\"2020-12-20T23:42:56+00:00\",\"breadcrumb\":{\"@id\":\"https:\/\/hermanasdesantacruz.org\/index.php\/testimonio-celina-martel-csc\/#breadcrumb\"},\"inLanguage\":\"es\",\"potentialAction\":[{\"@type\":\"ReadAction\",\"target\":[\"https:\/\/hermanasdesantacruz.org\/index.php\/testimonio-celina-martel-csc\/\"]}]},{\"@type\":\"ImageObject\",\"inLanguage\":\"es\",\"@id\":\"https:\/\/hermanasdesantacruz.org\/index.php\/testimonio-celina-martel-csc\/#primaryimage\",\"url\":\"https:\/\/hermanasdesantacruz.org\/wp-content\/uploads\/2020\/12\/CelinaMartel-1.png\",\"contentUrl\":\"https:\/\/hermanasdesantacruz.org\/wp-content\/uploads\/2020\/12\/CelinaMartel-1.png\",\"width\":202,\"height\":263},{\"@type\":\"BreadcrumbList\",\"@id\":\"https:\/\/hermanasdesantacruz.org\/index.php\/testimonio-celina-martel-csc\/#breadcrumb\",\"itemListElement\":[{\"@type\":\"ListItem\",\"position\":1,\"name\":\"Home\",\"item\":\"https:\/\/hermanasdesantacruz.org\/\"},{\"@type\":\"ListItem\",\"position\":2,\"name\":\"Testimonio Celina Martel CSC\"}]},{\"@type\":\"WebSite\",\"@id\":\"https:\/\/hermanasdesantacruz.org\/#website\",\"url\":\"https:\/\/hermanasdesantacruz.org\/\",\"name\":\"Congregaci\u00f3n Hermanas de Santa Cruz\",\"description\":\"Hermanas de Santa Cruz - Tacna\",\"potentialAction\":[{\"@type\":\"SearchAction\",\"target\":{\"@type\":\"EntryPoint\",\"urlTemplate\":\"https:\/\/hermanasdesantacruz.org\/?s={search_term_string}\"},\"query-input\":\"required name=search_term_string\"}],\"inLanguage\":\"es\"}]}<\/script>\n<!-- \/ Yoast SEO plugin. -->","yoast_head_json":{"title":"Testimonio Celina Martel CSC - Congregaci\u00f3n Hermanas de Santa Cruz","robots":{"index":"index","follow":"follow","max-snippet":"max-snippet:-1","max-image-preview":"max-image-preview:large","max-video-preview":"max-video-preview:-1"},"canonical":"https:\/\/hermanasdesantacruz.org\/index.php\/testimonio-celina-martel-csc\/","og_locale":"es_ES","og_type":"article","og_title":"Testimonio Celina Martel CSC - Congregaci\u00f3n Hermanas de Santa Cruz","og_description":"Soy una canadiense de la provincia de Quebec, muy orgullosa de mi cultura e idioma franceses. He crecido en un pueblito escondido en las monta\u00f1as de [\u2026]","og_url":"https:\/\/hermanasdesantacruz.org\/index.php\/testimonio-celina-martel-csc\/","og_site_name":"Congregaci\u00f3n Hermanas de Santa Cruz","article_modified_time":"2020-12-20T23:42:56+00:00","og_image":[{"url":"https:\/\/hermanasdesantacruz.org\/wp-content\/uploads\/2020\/12\/CelinaMartel-1.png"}],"twitter_card":"summary_large_image","twitter_misc":{"Tiempo de lectura":"2 minutos"},"schema":{"@context":"https:\/\/schema.org","@graph":[{"@type":"WebPage","@id":"https:\/\/hermanasdesantacruz.org\/index.php\/testimonio-celina-martel-csc\/","url":"https:\/\/hermanasdesantacruz.org\/index.php\/testimonio-celina-martel-csc\/","name":"Testimonio Celina Martel CSC - Congregaci\u00f3n Hermanas de Santa Cruz","isPartOf":{"@id":"https:\/\/hermanasdesantacruz.org\/#website"},"primaryImageOfPage":{"@id":"https:\/\/hermanasdesantacruz.org\/index.php\/testimonio-celina-martel-csc\/#primaryimage"},"image":{"@id":"https:\/\/hermanasdesantacruz.org\/index.php\/testimonio-celina-martel-csc\/#primaryimage"},"thumbnailUrl":"https:\/\/hermanasdesantacruz.org\/wp-content\/uploads\/2020\/12\/CelinaMartel-1.png","datePublished":"2020-12-20T23:18:30+00:00","dateModified":"2020-12-20T23:42:56+00:00","breadcrumb":{"@id":"https:\/\/hermanasdesantacruz.org\/index.php\/testimonio-celina-martel-csc\/#breadcrumb"},"inLanguage":"es","potentialAction":[{"@type":"ReadAction","target":["https:\/\/hermanasdesantacruz.org\/index.php\/testimonio-celina-martel-csc\/"]}]},{"@type":"ImageObject","inLanguage":"es","@id":"https:\/\/hermanasdesantacruz.org\/index.php\/testimonio-celina-martel-csc\/#primaryimage","url":"https:\/\/hermanasdesantacruz.org\/wp-content\/uploads\/2020\/12\/CelinaMartel-1.png","contentUrl":"https:\/\/hermanasdesantacruz.org\/wp-content\/uploads\/2020\/12\/CelinaMartel-1.png","width":202,"height":263},{"@type":"BreadcrumbList","@id":"https:\/\/hermanasdesantacruz.org\/index.php\/testimonio-celina-martel-csc\/#breadcrumb","itemListElement":[{"@type":"ListItem","position":1,"name":"Home","item":"https:\/\/hermanasdesantacruz.org\/"},{"@type":"ListItem","position":2,"name":"Testimonio Celina Martel CSC"}]},{"@type":"WebSite","@id":"https:\/\/hermanasdesantacruz.org\/#website","url":"https:\/\/hermanasdesantacruz.org\/","name":"Congregaci\u00f3n Hermanas de Santa Cruz","description":"Hermanas de Santa Cruz - Tacna","potentialAction":[{"@type":"SearchAction","target":{"@type":"EntryPoint","urlTemplate":"https:\/\/hermanasdesantacruz.org\/?s={search_term_string}"},"query-input":"required name=search_term_string"}],"inLanguage":"es"}]}},"_links":{"self":[{"href":"https:\/\/hermanasdesantacruz.org\/index.php\/wp-json\/wp\/v2\/pages\/360","targetHints":{"allow":["GET"]}}],"collection":[{"href":"https:\/\/hermanasdesantacruz.org\/index.php\/wp-json\/wp\/v2\/pages"}],"about":[{"href":"https:\/\/hermanasdesantacruz.org\/index.php\/wp-json\/wp\/v2\/types\/page"}],"author":[{"embeddable":true,"href":"https:\/\/hermanasdesantacruz.org\/index.php\/wp-json\/wp\/v2\/users\/1"}],"replies":[{"embeddable":true,"href":"https:\/\/hermanasdesantacruz.org\/index.php\/wp-json\/wp\/v2\/comments?post=360"}],"version-history":[{"count":7,"href":"https:\/\/hermanasdesantacruz.org\/index.php\/wp-json\/wp\/v2\/pages\/360\/revisions"}],"predecessor-version":[{"id":384,"href":"https:\/\/hermanasdesantacruz.org\/index.php\/wp-json\/wp\/v2\/pages\/360\/revisions\/384"}],"wp:attachment":[{"href":"https:\/\/hermanasdesantacruz.org\/index.php\/wp-json\/wp\/v2\/media?parent=360"}],"curies":[{"name":"wp","href":"https:\/\/api.w.org\/{rel}","templated":true}]}}